{"id":881,"date":"2021-03-24T08:30:03","date_gmt":"2021-03-24T07:30:03","guid":{"rendered":"https:\/\/socho-edu.pl\/?page_id=881"},"modified":"2024-04-17T11:04:45","modified_gmt":"2024-04-17T09:04:45","slug":"wykaz-podrecznikow-2020-2021","status":"publish","type":"page","link":"https:\/\/socho-edu.pl\/?page_id=881","title":{"rendered":"MATURA"},"content":{"rendered":"\t\t<div data-elementor-type=\"wp-page\" data-elementor-id=\"881\" class=\"elementor elementor-881\">\n\t\t\t\t\t\t<section class=\"elementor-section elementor-top-section elementor-element elementor-element-635bcadc elementor-section-boxed elementor-section-height-default elementor-section-height-default\" data-id=\"635bcadc\" data-element_type=\"section\">\n\t\t\t\t\t\t<div class=\"elementor-container elementor-column-gap-default\">\n\t\t\t\t\t<div class=\"elementor-column elementor-col-100 elementor-top-column elementor-element elementor-element-288c2492\" data-id=\"288c2492\" data-element_type=\"column\">\n\t\t\t<div class=\"elementor-widget-wrap elementor-element-populated\">\n\t\t\t\t\t\t<div class=\"elementor-element elementor-element-746334d7 elementor-widget__width-initial elementor-widget elementor-widget-text-editor\" data-id=\"746334d7\" data-element_type=\"widget\" data-widget_type=\"text-editor.default\">\n\t\t\t\t<div class=\"elementor-widget-container\">\n\t\t\t\t\t\t\t\t\t<p><span style=\"color: #3366ff;\"><strong>EGZAMIN MATURALNY w 2024 roku<\/strong><\/span><\/p><p>W 2024 r. absolwent obowi\u0105zkowo przyst\u0119puje do czterech egzamin\u00f3w w cz\u0119\u015bci pisemnej.<\/p><p><strong>Obowi\u0105zkowe egzaminy w cz\u0119\u015bci pisemnej<\/strong>:\u200e<\/p><ol><li>egzamin z j\u0119zyka polskiego (na poziomie podstawowym)\u200e<\/li><li>egzamin z matematyki (na poziomie podstawowym)\u200e<\/li><li>egzamin z j\u0119zyka obcego nowo\u017cytnego (na poziomie podstawowym)\u200e<\/li><li>egzamin z wybranego przedmiotu dodatkowego (na poziomie rozszerzonym).<\/li><\/ol><p>W 2024 r. absolwent przyst\u0119puje <strong>OBOWI\u0104ZKOWO<\/strong> r\u00f3wnie\u017c do <strong>cz\u0119\u015bci ustnej<\/strong> <strong>egzaminu maturalnego z j\u0119zyka polskiego oraz j\u0119zyka obcego nowo\u017cytnego.<\/strong>\u00a0<\/p><p><strong><span style=\"text-decoration: underline;\">W 2024 r. absolwent otrzymuje \u015bwiadectwo dojrza\u0142o\u015bci, je\u015bli<\/span><\/strong>:<\/p><p>1) z ka\u017cdego z przedmiot\u00f3w obowi\u0105zkowych w cz\u0119\u015bci ustnej oraz w cz\u0119\u015bci pisemnej <br \/>otrzyma\u0142 co najmniej 30% punkt\u00f3w mo\u017cliwych do uzyskania <br \/>oraz <br \/>2) przyst\u0105pi\u0142 do cz\u0119\u015bci pisemnej egzaminu maturalnego z co najmniej jednego przedmiotu dodatkowego.<\/p>\t\t\t\t\t\t\t\t<\/div>\n\t\t\t\t<\/div>\n\t\t\t\t\t<\/div>\n\t\t<\/div>\n\t\t\t\t\t<\/div>\n\t\t<\/section>\n\t\t\t\t<section class=\"elementor-section elementor-top-section elementor-element elementor-element-545d4e9 elementor-section-boxed elementor-section-height-default elementor-section-height-default\" data-id=\"545d4e9\" data-element_type=\"section\">\n\t\t\t\t\t\t<div class=\"elementor-container elementor-column-gap-default\">\n\t\t\t\t\t<div class=\"elementor-column elementor-col-100 elementor-top-column elementor-element elementor-element-2d8e203\" data-id=\"2d8e203\" data-element_type=\"column\">\n\t\t\t<div class=\"elementor-widget-wrap elementor-element-populated\">\n\t\t\t\t\t\t\t<\/div>\n\t\t<\/div>\n\t\t\t\t\t<\/div>\n\t\t<\/section>\n\t\t\t\t<\/div>\n\t\t","protected":false},"excerpt":{"rendered":"<p>EGZAMIN MATURALNY w 2024 roku W 2024 r. absolwent obowi\u0105zkowo przyst\u0119puje do czterech egzamin\u00f3w w cz\u0119\u015bci pisemnej. Obowi\u0105zkowe egzaminy w cz\u0119\u015bci pisemnej:\u200e egzamin z j\u0119zyka polskiego (na poziomie podstawowym)\u200e egzamin z matematyki (na poziomie podstawowym)\u200e egzamin z j\u0119zyka obcego nowo\u017cytnego (na poziomie podstawowym)\u200e egzamin z wybranego przedmiotu dodatkowego (na poziomie rozszerzonym). W 2024 r. absolwent [&hellip;]<\/p>\n","protected":false},"author":1,"featured_media":0,"parent":0,"menu_order":0,"comment_status":"closed","ping_status":"closed","template":"page-templates\/pagebuilder.php","meta":{"zakra_sidebar_layout":"centered","zakra_remove_content_margin":false,"zakra_sidebar":"customizer","zakra_transparent_header":"customizer","zakra_logo":0,"zakra_main_header_style":"default","zakra_menu_item_color":"","zakra_menu_item_hover_color":"","zakra_menu_item_active_color":"","zakra_menu_active_style":"","zakra_page_header":true,"footnotes":""},"class_list":["post-881","page","type-page","status-publish","hentry"],"yoast_head":"<!-- This site is optimized with the Yoast SEO plugin v26.6 - https:\/\/yoast.com\/wordpress\/plugins\/seo\/ -->\n<title>MATURA - Socho-Edukacja - szko\u0142y zaoczne<\/title>\n<meta name=\"robots\" content=\"index, follow, max-snippet:-1, max-image-preview:large, max-video-preview:-1\" \/>\n<link rel=\"canonical\" href=\"https:\/\/socho-edu.pl\/?page_id=881\" \/>\n<meta property=\"og:locale\" content=\"pl_PL\" \/>\n<meta property=\"og:type\" content=\"article\" \/>\n<meta property=\"og:title\" content=\"MATURA - Socho-Edukacja - szko\u0142y zaoczne\" \/>\n<meta property=\"og:description\" content=\"EGZAMIN MATURALNY w 2024 roku W 2024 r. absolwent obowi\u0105zkowo przyst\u0119puje do czterech egzamin\u00f3w w cz\u0119\u015bci pisemnej. Obowi\u0105zkowe egzaminy w cz\u0119\u015bci pisemnej:\u200e egzamin z j\u0119zyka polskiego (na poziomie podstawowym)\u200e egzamin z matematyki (na poziomie podstawowym)\u200e egzamin z j\u0119zyka obcego nowo\u017cytnego (na poziomie podstawowym)\u200e egzamin z wybranego przedmiotu dodatkowego (na poziomie rozszerzonym). W 2024 r. absolwent [&hellip;]\" \/>\n<meta property=\"og:url\" content=\"https:\/\/socho-edu.pl\/?page_id=881\" \/>\n<meta property=\"og:site_name\" content=\"Socho-Edukacja - szko\u0142y zaoczne\" \/>\n<meta property=\"article:modified_time\" content=\"2024-04-17T09:04:45+00:00\" \/>\n<meta name=\"twitter:card\" content=\"summary_large_image\" \/>\n<meta name=\"twitter:label1\" content=\"Szacowany czas czytania\" \/>\n\t<meta name=\"twitter:data1\" content=\"1 minuta\" \/>\n<script type=\"application\/ld+json\" class=\"yoast-schema-graph\">{\"@context\":\"https:\/\/schema.org\",\"@graph\":[{\"@type\":\"WebPage\",\"@id\":\"https:\/\/socho-edu.pl\/?page_id=881\",\"url\":\"https:\/\/socho-edu.pl\/?page_id=881\",\"name\":\"MATURA - Socho-Edukacja - szko\u0142y zaoczne\",\"isPartOf\":{\"@id\":\"https:\/\/socho-edu.pl\/#website\"},\"datePublished\":\"2021-03-24T07:30:03+00:00\",\"dateModified\":\"2024-04-17T09:04:45+00:00\",\"breadcrumb\":{\"@id\":\"https:\/\/socho-edu.pl\/?page_id=881#breadcrumb\"},\"inLanguage\":\"pl-PL\",\"potentialAction\":[{\"@type\":\"ReadAction\",\"target\":[\"https:\/\/socho-edu.pl\/?page_id=881\"]}]},{\"@type\":\"BreadcrumbList\",\"@id\":\"https:\/\/socho-edu.pl\/?page_id=881#breadcrumb\",\"itemListElement\":[{\"@type\":\"ListItem\",\"position\":1,\"name\":\"Strona g\u0142\u00f3wna\",\"item\":\"https:\/\/socho-edu.pl\/\"},{\"@type\":\"ListItem\",\"position\":2,\"name\":\"MATURA\"}]},{\"@type\":\"WebSite\",\"@id\":\"https:\/\/socho-edu.pl\/#website\",\"url\":\"https:\/\/socho-edu.pl\/\",\"name\":\"Socho-Edukacja - szko\u0142y zaoczne\",\"description\":\"\",\"potentialAction\":[{\"@type\":\"SearchAction\",\"target\":{\"@type\":\"EntryPoint\",\"urlTemplate\":\"https:\/\/socho-edu.pl\/?s={search_term_string}\"},\"query-input\":{\"@type\":\"PropertyValueSpecification\",\"valueRequired\":true,\"valueName\":\"search_term_string\"}}],\"inLanguage\":\"pl-PL\"}]}<\/script>\n<!-- \/ Yoast SEO plugin. -->","yoast_head_json":{"title":"MATURA - Socho-Edukacja - szko\u0142y zaoczne","robots":{"index":"index","follow":"follow","max-snippet":"max-snippet:-1","max-image-preview":"max-image-preview:large","max-video-preview":"max-video-preview:-1"},"canonical":"https:\/\/socho-edu.pl\/?page_id=881","og_locale":"pl_PL","og_type":"article","og_title":"MATURA - Socho-Edukacja - szko\u0142y zaoczne","og_description":"EGZAMIN MATURALNY w 2024 roku W 2024 r. absolwent obowi\u0105zkowo przyst\u0119puje do czterech egzamin\u00f3w w cz\u0119\u015bci pisemnej. Obowi\u0105zkowe egzaminy w cz\u0119\u015bci pisemnej:\u200e egzamin z j\u0119zyka polskiego (na poziomie podstawowym)\u200e egzamin z matematyki (na poziomie podstawowym)\u200e egzamin z j\u0119zyka obcego nowo\u017cytnego (na poziomie podstawowym)\u200e egzamin z wybranego przedmiotu dodatkowego (na poziomie rozszerzonym). W 2024 r. absolwent [&hellip;]","og_url":"https:\/\/socho-edu.pl\/?page_id=881","og_site_name":"Socho-Edukacja - szko\u0142y zaoczne","article_modified_time":"2024-04-17T09:04:45+00:00","twitter_card":"summary_large_image","twitter_misc":{"Szacowany czas czytania":"1 minuta"},"schema":{"@context":"https:\/\/schema.org","@graph":[{"@type":"WebPage","@id":"https:\/\/socho-edu.pl\/?page_id=881","url":"https:\/\/socho-edu.pl\/?page_id=881","name":"MATURA - Socho-Edukacja - szko\u0142y zaoczne","isPartOf":{"@id":"https:\/\/socho-edu.pl\/#website"},"datePublished":"2021-03-24T07:30:03+00:00","dateModified":"2024-04-17T09:04:45+00:00","breadcrumb":{"@id":"https:\/\/socho-edu.pl\/?page_id=881#breadcrumb"},"inLanguage":"pl-PL","potentialAction":[{"@type":"ReadAction","target":["https:\/\/socho-edu.pl\/?page_id=881"]}]},{"@type":"BreadcrumbList","@id":"https:\/\/socho-edu.pl\/?page_id=881#breadcrumb","itemListElement":[{"@type":"ListItem","position":1,"name":"Strona g\u0142\u00f3wna","item":"https:\/\/socho-edu.pl\/"},{"@type":"ListItem","position":2,"name":"MATURA"}]},{"@type":"WebSite","@id":"https:\/\/socho-edu.pl\/#website","url":"https:\/\/socho-edu.pl\/","name":"Socho-Edukacja - szko\u0142y zaoczne","description":"","potentialAction":[{"@type":"SearchAction","target":{"@type":"EntryPoint","urlTemplate":"https:\/\/socho-edu.pl\/?s={search_term_string}"},"query-input":{"@type":"PropertyValueSpecification","valueRequired":true,"valueName":"search_term_string"}}],"inLanguage":"pl-PL"}]}},"_links":{"self":[{"href":"https:\/\/socho-edu.pl\/index.php?rest_route=\/wp\/v2\/pages\/881","targetHints":{"allow":["GET"]}}],"collection":[{"href":"https:\/\/socho-edu.pl\/index.php?rest_route=\/wp\/v2\/pages"}],"about":[{"href":"https:\/\/socho-edu.pl\/index.php?rest_route=\/wp\/v2\/types\/page"}],"author":[{"embeddable":true,"href":"https:\/\/socho-edu.pl\/index.php?rest_route=\/wp\/v2\/users\/1"}],"replies":[{"embeddable":true,"href":"https:\/\/socho-edu.pl\/index.php?rest_route=%2Fwp%2Fv2%2Fcomments&post=881"}],"version-history":[{"count":5,"href":"https:\/\/socho-edu.pl\/index.php?rest_route=\/wp\/v2\/pages\/881\/revisions"}],"predecessor-version":[{"id":2468,"href":"https:\/\/socho-edu.pl\/index.php?rest_route=\/wp\/v2\/pages\/881\/revisions\/2468"}],"wp:attachment":[{"href":"https:\/\/socho-edu.pl\/index.php?rest_route=%2Fwp%2Fv2%2Fmedia&parent=881"}],"curies":[{"name":"wp","href":"https:\/\/api.w.org\/{rel}","templated":true}]}}