{"id":1907,"date":"2021-11-25T10:32:34","date_gmt":"2021-11-25T09:32:34","guid":{"rendered":"https:\/\/socho-edu.pl\/?page_id=1907"},"modified":"2021-12-08T12:10:03","modified_gmt":"2021-12-08T11:10:03","slug":"liceum-dla-doroslych","status":"publish","type":"page","link":"https:\/\/socho-edu.pl\/?page_id=1907","title":{"rendered":"Liceum dla doros\u0142ych"},"content":{"rendered":"\t\t<div data-elementor-type=\"wp-page\" data-elementor-id=\"1907\" class=\"elementor elementor-1907\">\n\t\t\t\t\t\t<section class=\"elementor-section elementor-top-section elementor-element elementor-element-63fc1bc elementor-section-boxed elementor-section-height-default elementor-section-height-default\" data-id=\"63fc1bc\" data-element_type=\"section\">\n\t\t\t\t\t\t<div class=\"elementor-container elementor-column-gap-default\">\n\t\t\t\t\t<div class=\"elementor-column elementor-col-100 elementor-top-column elementor-element elementor-element-318ff9df\" data-id=\"318ff9df\" data-element_type=\"column\">\n\t\t\t<div class=\"elementor-widget-wrap elementor-element-populated\">\n\t\t\t\t\t\t<div class=\"elementor-element elementor-element-3f0b5884 elementor-widget elementor-widget-text-editor\" data-id=\"3f0b5884\" data-element_type=\"widget\" data-widget_type=\"text-editor.default\">\n\t\t\t\t<div class=\"elementor-widget-container\">\n\t\t\t\t\t\t\t\t\t<p><\/p>\n<h4 style=\"text-align: left;\"><strong><span style=\"color: #99cc00;\"><em><span style=\"color: #000000;\">LICEUM OG\u00d3LNOKSZTA\u0141C\u0104CE dla DOROS\u0141YCH <\/span><\/em><\/span><\/strong><span style=\"color: #99cc00;\"><em><span style=\"color: #000000;\">&#8211;<\/span> <span style=\"color: #000000;\">zdob\u0105d\u017a wykszta\u0142cenie \u015brednie nie rezygnuj\u0105c z pracy i codziennych obowi\u0105zk\u00f3w!<\/span><\/em><\/span><\/h4>\n<h6>\u00a0<\/h6>\n<h6><span style=\"color: #16181a; font-size: 16.2px;\"><strong>Czas nauki:<\/strong> 4 lata (8 semestr\u00f3w) &#8211; dla absolwent\u00f3w o\u015bmioletniej szko\u0142y podstawowej, <br \/>\u00a0 \u00a0 \u00a0 \u00a0 \u00a0 \u00a0 \u00a0 \u00a0 \u00a0 \u00a0 \u00a0 3 lata (sze\u015b\u0107 semestr\u00f3w) dla absolwent\u00f3w zasadniczej szko\u0142y zawodowej lub szko\u0142y bran\u017cowej I stopnia,<br \/>\u00a0 \u00a0 \u00a0 \u00a0 \u00a0 \u00a0 \u00a0 \u00a0 \u00a0 \u00a0 \u00a0 w zale\u017cno\u015bci od zaliczonych w poprzedniej szkole lat (semestr\u00f3w)<br \/><\/span><span style=\"font-weight: bold; color: #16181a; font-size: 16.2px;\">Tryb nauczania:<\/span><span style=\"color: #16181a; font-size: 16.2px;\"> zaoczny (zaj\u0119cia w soboty i niedziele co dwa tygodnie)<\/span><\/h6>\n<p><img fetchpriority=\"high\" decoding=\"async\" class=\"alignright wp-image-1488\" src=\"https:\/\/socho-edu.pl\/wp-content\/uploads\/2021\/07\/sluchaczka-kciuk-300x200.jpg\" alt=\"\" width=\"375\" height=\"250\" srcset=\"https:\/\/socho-edu.pl\/wp-content\/uploads\/2021\/07\/sluchaczka-kciuk-300x200.jpg 300w, https:\/\/socho-edu.pl\/wp-content\/uploads\/2021\/07\/sluchaczka-kciuk-1024x682.jpg 1024w, https:\/\/socho-edu.pl\/wp-content\/uploads\/2021\/07\/sluchaczka-kciuk-768x512.jpg 768w, https:\/\/socho-edu.pl\/wp-content\/uploads\/2021\/07\/sluchaczka-kciuk-1536x1023.jpg 1536w, https:\/\/socho-edu.pl\/wp-content\/uploads\/2021\/07\/sluchaczka-kciuk.jpg 1920w\" sizes=\"(max-width: 375px) 100vw, 375px\" \/><\/p>\n<p>\u00a0<\/p>\n<ul>\n<li>\n<h6><span style=\"color: #000000;\"><span style=\"font-size: 16.2px;\">Re<\/span><span style=\"font-size: 16.2px;\">alizujemy podstaw\u0119 programow\u0105 kszta\u0142cenia og\u00f3lnego dla szko\u0142y ponadpodstawowej<\/span><\/span><\/h6>\n<\/li>\n<li>\n<h6>Po uko\u0144czeniu naszego liceum dla doros\u0142ych s\u0142uchacz uzyskuje \u015bwiadectwo potwierdzaj\u0105ce posiadanie wykszta\u0142cenia \u015bredniego<\/h6>\n<\/li>\n<li>\n<h6><span style=\"color: #000000;\">Absolwent mo\u017ce przyst\u0105pi\u0107 do <strong>egzaminu maturalnego <\/strong>i uzyska\u0107 \u015bwiadectwo dojrza\u0142o\u015bci<\/span><\/h6>\n<\/li>\n<li>\n<h6><span style=\"color: #000000;\">Absolwenci naszego liceum mog\u0105 kontynuowa\u0107 nauk\u0119 w szko\u0142ach wy\u017cszych lub szko\u0142ach policealnych<\/span><\/h6>\n<\/li>\n<\/ul>\n<p><\/p>\n<p><\/p>\n<p><\/p>\n<p><\/p>\t\t\t\t\t\t\t\t<\/div>\n\t\t\t\t<\/div>\n\t\t\t\t\t<\/div>\n\t\t<\/div>\n\t\t\t\t\t<\/div>\n\t\t<\/section>\n\t\t\t\t<\/div>\n\t\t","protected":false},"excerpt":{"rendered":"<p>LICEUM OG\u00d3LNOKSZTA\u0141C\u0104CE dla DOROS\u0141YCH &#8211; zdob\u0105d\u017a wykszta\u0142cenie \u015brednie nie rezygnuj\u0105c z pracy i codziennych obowi\u0105zk\u00f3w! \u00a0 Czas nauki: 4 lata (8 semestr\u00f3w) &#8211; dla absolwent\u00f3w o\u015bmioletniej szko\u0142y podstawowej, \u00a0 \u00a0 \u00a0 \u00a0 \u00a0 \u00a0 \u00a0 \u00a0 \u00a0 \u00a0 \u00a0 3 lata (sze\u015b\u0107 semestr\u00f3w) dla absolwent\u00f3w zasadniczej szko\u0142y zawodowej lub szko\u0142y bran\u017cowej I stopnia,\u00a0 \u00a0 \u00a0 [&hellip;]<\/p>\n","protected":false},"author":1,"featured_media":0,"parent":0,"menu_order":0,"comment_status":"closed","ping_status":"closed","template":"page-templates\/pagebuilder.php","meta":{"zakra_sidebar_layout":"centered","zakra_remove_content_margin":false,"zakra_sidebar":"customizer","zakra_transparent_header":"customizer","zakra_logo":0,"zakra_main_header_style":"default","zakra_menu_item_color":"","zakra_menu_item_hover_color":"","zakra_menu_item_active_color":"","zakra_menu_active_style":"","zakra_page_header":true,"footnotes":""},"class_list":["post-1907","page","type-page","status-publish","hentry"],"yoast_head":"<!-- This site is optimized with the Yoast SEO plugin v26.6 - https:\/\/yoast.com\/wordpress\/plugins\/seo\/ -->\n<title>Liceum dla doros\u0142ych - Socho-Edukacja - szko\u0142y zaoczne<\/title>\n<meta name=\"robots\" content=\"index, follow, max-snippet:-1, max-image-preview:large, max-video-preview:-1\" \/>\n<link rel=\"canonical\" href=\"https:\/\/socho-edu.pl\/?page_id=1907\" \/>\n<meta property=\"og:locale\" content=\"pl_PL\" \/>\n<meta property=\"og:type\" content=\"article\" \/>\n<meta property=\"og:title\" content=\"Liceum dla doros\u0142ych - Socho-Edukacja - szko\u0142y zaoczne\" \/>\n<meta property=\"og:description\" content=\"LICEUM OG\u00d3LNOKSZTA\u0141C\u0104CE dla DOROS\u0141YCH &#8211; zdob\u0105d\u017a wykszta\u0142cenie \u015brednie nie rezygnuj\u0105c z pracy i codziennych obowi\u0105zk\u00f3w! \u00a0 Czas nauki: 4 lata (8 semestr\u00f3w) &#8211; dla absolwent\u00f3w o\u015bmioletniej szko\u0142y podstawowej, \u00a0 \u00a0 \u00a0 \u00a0 \u00a0 \u00a0 \u00a0 \u00a0 \u00a0 \u00a0 \u00a0 3 lata (sze\u015b\u0107 semestr\u00f3w) dla absolwent\u00f3w zasadniczej szko\u0142y zawodowej lub szko\u0142y bran\u017cowej I stopnia,\u00a0 \u00a0 \u00a0 [&hellip;]\" \/>\n<meta property=\"og:url\" content=\"https:\/\/socho-edu.pl\/?page_id=1907\" \/>\n<meta property=\"og:site_name\" content=\"Socho-Edukacja - szko\u0142y zaoczne\" \/>\n<meta property=\"article:modified_time\" content=\"2021-12-08T11:10:03+00:00\" \/>\n<meta property=\"og:image\" content=\"http:\/\/socho-edu.pl\/wp-content\/uploads\/2021\/07\/sluchaczka-kciuk-300x200.jpg\" \/>\n<meta name=\"twitter:card\" content=\"summary_large_image\" \/>\n<meta name=\"twitter:label1\" content=\"Szacowany czas czytania\" \/>\n\t<meta name=\"twitter:data1\" content=\"1 minuta\" \/>\n<script type=\"application\/ld+json\" class=\"yoast-schema-graph\">{\"@context\":\"https:\/\/schema.org\",\"@graph\":[{\"@type\":\"WebPage\",\"@id\":\"https:\/\/socho-edu.pl\/?page_id=1907\",\"url\":\"https:\/\/socho-edu.pl\/?page_id=1907\",\"name\":\"Liceum dla doros\u0142ych - Socho-Edukacja - szko\u0142y zaoczne\",\"isPartOf\":{\"@id\":\"https:\/\/socho-edu.pl\/#website\"},\"primaryImageOfPage\":{\"@id\":\"https:\/\/socho-edu.pl\/?page_id=1907#primaryimage\"},\"image\":{\"@id\":\"https:\/\/socho-edu.pl\/?page_id=1907#primaryimage\"},\"thumbnailUrl\":\"http:\/\/socho-edu.pl\/wp-content\/uploads\/2021\/07\/sluchaczka-kciuk-300x200.jpg\",\"datePublished\":\"2021-11-25T09:32:34+00:00\",\"dateModified\":\"2021-12-08T11:10:03+00:00\",\"breadcrumb\":{\"@id\":\"https:\/\/socho-edu.pl\/?page_id=1907#breadcrumb\"},\"inLanguage\":\"pl-PL\",\"potentialAction\":[{\"@type\":\"ReadAction\",\"target\":[\"https:\/\/socho-edu.pl\/?page_id=1907\"]}]},{\"@type\":\"ImageObject\",\"inLanguage\":\"pl-PL\",\"@id\":\"https:\/\/socho-edu.pl\/?page_id=1907#primaryimage\",\"url\":\"https:\/\/socho-edu.pl\/wp-content\/uploads\/2021\/07\/sluchaczka-kciuk.jpg\",\"contentUrl\":\"https:\/\/socho-edu.pl\/wp-content\/uploads\/2021\/07\/sluchaczka-kciuk.jpg\",\"width\":1920,\"height\":1279},{\"@type\":\"BreadcrumbList\",\"@id\":\"https:\/\/socho-edu.pl\/?page_id=1907#breadcrumb\",\"itemListElement\":[{\"@type\":\"ListItem\",\"position\":1,\"name\":\"Strona g\u0142\u00f3wna\",\"item\":\"https:\/\/socho-edu.pl\/\"},{\"@type\":\"ListItem\",\"position\":2,\"name\":\"Liceum dla doros\u0142ych\"}]},{\"@type\":\"WebSite\",\"@id\":\"https:\/\/socho-edu.pl\/#website\",\"url\":\"https:\/\/socho-edu.pl\/\",\"name\":\"Socho-Edukacja - szko\u0142y zaoczne\",\"description\":\"\",\"potentialAction\":[{\"@type\":\"SearchAction\",\"target\":{\"@type\":\"EntryPoint\",\"urlTemplate\":\"https:\/\/socho-edu.pl\/?s={search_term_string}\"},\"query-input\":{\"@type\":\"PropertyValueSpecification\",\"valueRequired\":true,\"valueName\":\"search_term_string\"}}],\"inLanguage\":\"pl-PL\"}]}<\/script>\n<!-- \/ Yoast SEO plugin. -->","yoast_head_json":{"title":"Liceum dla doros\u0142ych - Socho-Edukacja - szko\u0142y zaoczne","robots":{"index":"index","follow":"follow","max-snippet":"max-snippet:-1","max-image-preview":"max-image-preview:large","max-video-preview":"max-video-preview:-1"},"canonical":"https:\/\/socho-edu.pl\/?page_id=1907","og_locale":"pl_PL","og_type":"article","og_title":"Liceum dla doros\u0142ych - Socho-Edukacja - szko\u0142y zaoczne","og_description":"LICEUM OG\u00d3LNOKSZTA\u0141C\u0104CE dla DOROS\u0141YCH &#8211; zdob\u0105d\u017a wykszta\u0142cenie \u015brednie nie rezygnuj\u0105c z pracy i codziennych obowi\u0105zk\u00f3w! \u00a0 Czas nauki: 4 lata (8 semestr\u00f3w) &#8211; dla absolwent\u00f3w o\u015bmioletniej szko\u0142y podstawowej, \u00a0 \u00a0 \u00a0 \u00a0 \u00a0 \u00a0 \u00a0 \u00a0 \u00a0 \u00a0 \u00a0 3 lata (sze\u015b\u0107 semestr\u00f3w) dla absolwent\u00f3w zasadniczej szko\u0142y zawodowej lub szko\u0142y bran\u017cowej I stopnia,\u00a0 \u00a0 \u00a0 [&hellip;]","og_url":"https:\/\/socho-edu.pl\/?page_id=1907","og_site_name":"Socho-Edukacja - szko\u0142y zaoczne","article_modified_time":"2021-12-08T11:10:03+00:00","og_image":[{"url":"http:\/\/socho-edu.pl\/wp-content\/uploads\/2021\/07\/sluchaczka-kciuk-300x200.jpg","type":"","width":"","height":""}],"twitter_card":"summary_large_image","twitter_misc":{"Szacowany czas czytania":"1 minuta"},"schema":{"@context":"https:\/\/schema.org","@graph":[{"@type":"WebPage","@id":"https:\/\/socho-edu.pl\/?page_id=1907","url":"https:\/\/socho-edu.pl\/?page_id=1907","name":"Liceum dla doros\u0142ych - Socho-Edukacja - szko\u0142y zaoczne","isPartOf":{"@id":"https:\/\/socho-edu.pl\/#website"},"primaryImageOfPage":{"@id":"https:\/\/socho-edu.pl\/?page_id=1907#primaryimage"},"image":{"@id":"https:\/\/socho-edu.pl\/?page_id=1907#primaryimage"},"thumbnailUrl":"http:\/\/socho-edu.pl\/wp-content\/uploads\/2021\/07\/sluchaczka-kciuk-300x200.jpg","datePublished":"2021-11-25T09:32:34+00:00","dateModified":"2021-12-08T11:10:03+00:00","breadcrumb":{"@id":"https:\/\/socho-edu.pl\/?page_id=1907#breadcrumb"},"inLanguage":"pl-PL","potentialAction":[{"@type":"ReadAction","target":["https:\/\/socho-edu.pl\/?page_id=1907"]}]},{"@type":"ImageObject","inLanguage":"pl-PL","@id":"https:\/\/socho-edu.pl\/?page_id=1907#primaryimage","url":"https:\/\/socho-edu.pl\/wp-content\/uploads\/2021\/07\/sluchaczka-kciuk.jpg","contentUrl":"https:\/\/socho-edu.pl\/wp-content\/uploads\/2021\/07\/sluchaczka-kciuk.jpg","width":1920,"height":1279},{"@type":"BreadcrumbList","@id":"https:\/\/socho-edu.pl\/?page_id=1907#breadcrumb","itemListElement":[{"@type":"ListItem","position":1,"name":"Strona g\u0142\u00f3wna","item":"https:\/\/socho-edu.pl\/"},{"@type":"ListItem","position":2,"name":"Liceum dla doros\u0142ych"}]},{"@type":"WebSite","@id":"https:\/\/socho-edu.pl\/#website","url":"https:\/\/socho-edu.pl\/","name":"Socho-Edukacja - szko\u0142y zaoczne","description":"","potentialAction":[{"@type":"SearchAction","target":{"@type":"EntryPoint","urlTemplate":"https:\/\/socho-edu.pl\/?s={search_term_string}"},"query-input":{"@type":"PropertyValueSpecification","valueRequired":true,"valueName":"search_term_string"}}],"inLanguage":"pl-PL"}]}},"_links":{"self":[{"href":"https:\/\/socho-edu.pl\/index.php?rest_route=\/wp\/v2\/pages\/1907","targetHints":{"allow":["GET"]}}],"collection":[{"href":"https:\/\/socho-edu.pl\/index.php?rest_route=\/wp\/v2\/pages"}],"about":[{"href":"https:\/\/socho-edu.pl\/index.php?rest_route=\/wp\/v2\/types\/page"}],"author":[{"embeddable":true,"href":"https:\/\/socho-edu.pl\/index.php?rest_route=\/wp\/v2\/users\/1"}],"replies":[{"embeddable":true,"href":"https:\/\/socho-edu.pl\/index.php?rest_route=%2Fwp%2Fv2%2Fcomments&post=1907"}],"version-history":[{"count":5,"href":"https:\/\/socho-edu.pl\/index.php?rest_route=\/wp\/v2\/pages\/1907\/revisions"}],"predecessor-version":[{"id":2259,"href":"https:\/\/socho-edu.pl\/index.php?rest_route=\/wp\/v2\/pages\/1907\/revisions\/2259"}],"wp:attachment":[{"href":"https:\/\/socho-edu.pl\/index.php?rest_route=%2Fwp%2Fv2%2Fmedia&parent=1907"}],"curies":[{"name":"wp","href":"https:\/\/api.w.org\/{rel}","templated":true}]}}